 factor of 436 and 68?
4
What is the greatest common divisor of 50 and 4?
2
What is the greatest common factor of 432 and 9?
9
Calculate the highest common divisor of 93 and 12.
3
What is the greatest common factor of 68 and 187?
17
What is the greatest common factor of 783 and 116?
29
Calculate the greatest common divisor of 9 and 101313.
9
What is the greatest common divisor of 112 and 176?
16
Calculate the highest common divisor of 24 and 519.
3
Calculate the greatest common factor of 170 and 51.
17
What is the highest common divisor of 2208 and 92?
92
Calculate the greatest common divisor of 3220 and 80.
20
What is the greatest common divisor of 16 and 1168?
16
What is the highest common divisor of 6106 and 430?
86
What is the greatest common divisor of 56 and 16?
8
What is the greatest common divisor of 112 and 126?
14
Calculate the highest common factor of 14 and 35.
7
What is the highest common divisor of 48 and 204?
12
Calculate the highest common factor of 506 and 92.
46
What is the greatest common divisor of 168 and 567?
21
What is the highest common divisor of 8 and 27?
1
Calculate the highest common divisor of 24944 and 32.
16
What is the greatest common divisor of 187 and 99?
11
What is the highest common factor of 1849 and 946?
43
What is the greatest common divisor of 14 and 9086?
14
Calculate the highest common factor of 3266 and 568.
142
What is the greatest common divisor of 3010 and 120?
10
Calculate the highest common divisor of 504 and 24.
24
Calculate the highest common divisor of 484 and 44.
44
Calculate the highest common divisor of 679 and 21.
7
Calculate the highest common factor of 98 and 2.
2
What is the highest common factor of 6356 and 28?
28
What is the highest common factor of 189 and 81?
27
Calculate the highest common factor of 132 and 48.
12
Calculate the greatest common divisor of 1458 and 42.
6
Calculate the greatest common factor of 32908 and 152.
76
What is the greatest common factor of 18 and 3072?
6
What is the greatest common factor of 837 and 93?
93
What is the greatest common divisor of 189 and 231?
21
Calculate the highest common divisor of 618 and 42.
6
Calculate the greatest common factor of 6 and 316.
2
Calculate the greatest common factor of 8 and 376.
8
Calculate the highest common divisor of 25 and 265.
5
Calculate the highest common divisor of 4806 and 54.
54
What is the highest common divisor of 318 and 212?
106
What is the highest common divisor of 6336 and 11?
11
Calculate the highest common factor of 60 and 4296.
12
Calculate the highest common divisor of 4530 and 150.
30
Calculate the greatest common factor of 190 and 15010.
190
Calculate the greatest common divisor of 24941 and 49.
49
What is the greatest common factor of 44 and 64?
4
What is the highest common divisor of 378 and 21?
21
Calculate the highest common divisor of 30219 and 21.
21
What is the greatest common divisor of 31 and 9517?
31
Calculate the greatest common divisor of 54 and 96.
6
Calculate the greatest common factor of 2 and 2.
2
Calculate the highest common factor of 3526 and 246.
82
Calculate the highest common divisor of 4532 and 132.
44
Calculate the highest common factor of 12 and 156.
12
Calculate the greatest common divisor of 468 and 208.
52
Calculate the greatest common divisor of 230 and 2185.
115
Calculate the highest common divisor of 456 and 570.
114
What is the greatest common factor of 920 and 1080?
40
Calculate the greatest common factor of 16102 and 194.
194
Calculate the greatest common divisor of 33 and 462.
33
What is the greatest common divisor of 1395 and 5270?
155
What is the highest common factor of 17039 and 11?
11
What is the greatest common factor of 1862 and 456?
38
Calculate the highest common divisor of 805 and 46.
23
What is the greatest common factor of 2 and 126?
2
What is the highest common divisor of 44 and 12?
4
What is the greatest common divisor of 14 and 42?
14
Calculate the greatest common factor of 12 and 14832.
12
What is the highest common divisor of 640 and 10?
10
What is the greatest common factor of 396 and 36?
36
What is the greatest common factor of 1890 and 70?
70
What is the greatest common factor of 224 and 14?
14
What is the greatest common factor of 4 and 26?
2
What is the greatest common factor of 280 and 120?
40
Calculate the highest common divisor of 200 and 1775.
25
Calculate the greatest common divisor of 510 and 90.
30
What is the highest common divisor of 12 and 384?
12
What is the greatest common factor of 45 and 1512?
9
What is the highest common factor of 457 and 1?
1
What is the greatest common factor of 322 and 46?
46
Calculate the greatest common divisor of 147 and 14.
7
What is the greatest common divisor of 11 and 44?
11
Calculate the highest common divisor of 200 and 300.
100
What is the greatest common factor of 549 and 99?
9
Calculate the greatest common factor of 68 and 216.
4
Calculate the greatest common divisor of 35 and 455.
35
Calculate the highest common factor of 6 and 249.
3
What is the highest common divisor of 63 and 9?
9
Calculate the greatest common divisor of 684 and 24.
12
What is the greatest common factor of 1197 and 665?
133
Calculate the highest common divisor of 9 and 657.
9
What is the highest common divisor of 82 and 3362?
82
What is the greatest common factor of 10295 and 435?
145
Calculate the highest common divisor of 36 and 64.
4
Calculate the greatest common divisor of 267 and 979.
89
Calculate the highest common factor of 140 and 448.
28
What is the greatest common divisor of 16065 and 1134?
189
Calculate the greatest common factor of 272 and 51.
17
Calculate the highest common factor of 1300 and 10.
10
Calculate the greatest common divisor of 2080 and 120.
40
What is the greatest common divisor of 464 and 48?
16
Calculate the highest common divisor of 5999 and 7.
7
What is the greatest common divisor of 5733 and 9261?
441
Calculate the highest common factor of 328 and 4.
4
Calculate the greatest common divisor of 1208 and 28.
4
What is the highest common factor of 14 and 36694?
14
Calculate the highest common divisor of 544 and 4.
4
What is the greatest common factor of 5 and 835?
5
Calculate the greatest common divisor of 16043 and 122.
61
What is the highest common divisor of 26 and 6266?
26
Calculate the highest common factor of 1560 and 864.
24
Calculate the highest common divisor of 114 and 40128.
114
What is the greatest common factor of 330 and 160?
10
Calculate the greatest common factor of 425 and 175.
25
Calculate the highest common divisor of 220 and 1500.
20
Calculate the highest common factor of 27 and 207.
9
What is the greatest common factor of 14 and 56?
14
What is the greatest common factor of 83 and 3071?
83
What is the highest common divisor of 2530 and 165?
55
Calculate the highest common divisor of 108 and 240.
12
Calculate the highest common divisor of 45 and 2655.
45
What is the greatest common divisor of 34 and 19431?
17
What is the greatest common factor of 4589 and 52?
13
What is the greatest common factor of 340 and 425?
85
What is the greatest common factor of 144 and 90?
18
What is the highest common factor of 472 and 59?
59
What is the highest common divisor of 627 and 456?
57
What is the greatest common factor of 90 and 432?
18
Calculate the greatest common divisor of 817 and 4730.
43
What is the greatest common factor of 55 and 33?
11
What is the highest common factor of 114 and 3002?
38
Calculate the highest common divisor of 90 and 2670.
30
Calculate the highest common divisor of 1476 and 72.
36
Calculate the highest common factor of 11143 and 33.
11
What is the greatest common factor of 378 and 36?
18
Calculate the highest common divisor of 52 and 3120.
52
Calculate the greatest common divisor of 1309 and 77.
77
What is the greatest common factor of 2961 and 1008?
63
What is the highest common divisor of 384 and 72?
24
What is the highest common factor of 1817 and 46?
23
What is the highest common divisor of 35 and 875?
35
Calculate the greatest common divisor of 24 and 42888.
24
What is the highest common factor of 63 and 45?
9
Calculate the greatest common factor of 16 and 712.
8
Calculate the greatest common divisor of 320 and 10.
10
Calculate the greatest common divisor of 34